be (-3 - -1) + (-8)/(-4). Suppose -3*c + i*c + 93 = 3*s, 3*c - 95 = -5*s. Let x = c + -12. What is the tens digit of x?
1
Let q be (-5 + 2)/(-3) + 79. Suppose 2*m - q = 126. What is the units digit of m?
3
Let f = 4 + 1. Let t = f + 6. Let r = 21 + t. What is the tens digit of r?
3
Suppose -20*b + 1977 = -2263. Let g = b + -147. What is the tens digit of g?
6
Let i = 13 + -11. Let g(x) = x - 2*x + 25*x**i + 4*x**2. What is the tens digit of g(-1)?
3
Suppose -4*n = -2*n - 14. Let l(v) = v. Let z be l(1). What is the tens digit of (-54)/n*z*-7?
5
Let o(p) be the first derivative of p**7/840 + p**6/90 - 5*p**4/24 - 11*p**3/3 + 8. Let w(s) be the third derivative of o(s). What is the units digit of w(-3)?
4
Let d = 542 + 289. What is the units digit of d?
1
Let k be (20/2)/((-3)/(-9)). Let j(o) = -13 + k*o + 14 - 11*o. What is the units digit of j(3)?
8
Let u = 439 - 287. Let h = u - 101. What is the units digit of h?
1
Let m be (84/4)/(-2 - 79/(-38)). Suppose 198 = 3*y - 4*u, -y + 4*y - 2*u - 198 = 0. Suppose -5*n - y = -m. What is the tens digit of n?
4
Let i be 135*((-72)/15)/(-4). Suppose -4*h + i = -h. What is the tens digit of h?
5
Suppose v + 7 = -0. Let s(q) = -22*q - 21. What is the hundreds digit of s(v)?
1
Let y(n) = -n**3 + 7*n**2 + 16*n + 13. Let a be y(9). Let f(s) = s**2 - 6*s - 5. What is the tens digit of f(a)?
5
Let m = -4 - 0. Let a(k) = -3*k**2 - 6*k - 15. Let w be a(15). What is the units digit of 10/m*w/75?
6
Let f be 17/7 + (-7)/((-147)/(-9)). Suppose 3*l - 44 = l. Suppose f*j - 52 = l. What is the units digit of j?
7
Suppose 4*s = 4*r - 208, 2*r + s - 128 + 33 = 0. Suppose -r*n = -50*n + 270. What is the tens digit of n?
7
Suppose 7*i = 2461 + 1375. What is the hundreds digit of i?
5
Let d be -3 + 0 + 10/2. What is the units digit of 14*-12*d/(-28)?
2
Suppose 3*n + 3 = 0, -125 = -2*z - 10*n + 7*n. What is the tens digit of z?
6
Let i be (1/(-2))/(5/(-30)). Let g be 7 + 1 + -1*i. Suppose -g*u + 100 = -0*u. What is the units digit of u?
0
Let w = 90 - 65. What is the tens digit of ((-6 - -5)*w)/((-1)/1)?
2
Suppose 1135 - 5927 = -8*q. What is the hundreds digit of q?
5
Suppose 0 = -19*a + 37*a - 41850. What is the hundreds digit of a?
3
Let a(m) = m**3 - 4*m**2 - 4*m - 2. Suppose -8*o - 3 = -9*o. Suppose -o + 9 = j. What is the tens digit of a(j)?
4
Let y(w) be the first derivative of -2*w**2 + 106*w - 9. What is the hundreds digit of y(0)?
1
Suppose -g = 51*g - 112944. What is the hundreds digit of g?
1
Let v be (0 - -2)/(1 - (-206)/(-210)). Let d = 207 - v. What is the units digit of d?
2
Let o(x) = 2*x**3 + 56*x**2 + 48*x + 119. What is the thousands digit of o(-25)?
2
Let p(l) = 2*l**2 + 11*l - 5. Let n be p(-6). What is the hundreds digit of ((-20)/(-8) - n) + (-293)/(-2)?
1
Let r = -2 + 5. Suppose r*l - 282 = -0*l. What is the units digit of l?
4
Let j(r) = 114*r**3 - 9*r + 5. What is the hundreds digit of j(2)?
8
Let q = -76 - -106. Let t = -30 + q. Suppose 0 = 5*o + 5*i - 95, 5*o = -i - t*i + 99. What is the units digit of o?
0
Let m = 54 - -104. Suppose -4*d = -2*x - m, 197 = 5*d - 4*x + 2*x. What is the tens digit of d?
3
Let l(w) = w**3 + 6*w**2 - 7. Let c be l(-6). Let s be 4/(-14) - 170/c. What is the units digit of ((-4)/6)/(s/(-108))?
3
Suppose -4*t = -2*t - 36. Suppose 2*w - 90 - t = 0. Suppose 3*p - w = -9. What is the tens digit of p?
1
Let j = 11 - -23. Let g be ((-12)/(-10))/((-2)/(-40)). Let f = j - g. What is the tens digit of f?
1
Suppose 0 = -5*f + 4 + 11. Suppose s - f*n = -19, 0 = s + 5*n - 3*n + 34. What is the tens digit of (1*6)/((-4)/s)?
4
Suppose 0 = l - 5 + 2. Suppose -2*v = -121 + l. Suppose 2*t - v = 65. What is the tens digit of t?
6
Suppose 0 = -4*p + 3*p - 2, 6742 = 5*h - p. What is the thousands digit of h?
1
Let b = 2 - 2. Let g = -1 + 2. What is the tens digit of 117/9 + g + b?
1
Let i = 128 - -647. Suppose 11*a - 6*a = i. What is the units digit of a?
5
What is the hundreds digit of (-4*175)/(-2) + 1?
3
Suppose -2*q = -5*x - 57, 3*q + 16 = -4*x + 44. Let i be (q/(-14))/((-2)/7). What is the units digit of 1/i + 855/20?
3
Suppose -4*u + 5*c + 442 = 0, 8 = 2*c + 2*c. Suppose 0 = l + l - n - u, 3*n = -5*l + 255. What is the units digit of l?
4
Suppose u + 326 = 6*u + 4*t, 0 = -3*u + 4*t + 170. Let s = u - -39. What is the hundreds digit of s?
1
Suppose -2*m - s = -15 - 4, -4*m + 47 = -s. What is the tens digit of m?
1
Suppose -r + 2*u - 12 = 0, -5*r = -u - 0*u + 42. Let z(y) = -22*y**2 - 2*y - 2. Let n be z(-1). What is the tens digit of -1 - 0 - (n - r)?
1
Suppose -j + 2284 = -5*y + 8*y, 3*j + 15 = 0. What is the hundreds digit of y?
7
Suppose 43*d = 268437 - 29830. What is the tens digit of d?
4
Let o be ((-8)/4 - 49)*-2. Let k = -42 + o. What is the units digit of k?
0
What is the hundreds digit of 6*5/10 + -9 - -2126?
1
Let r = -121 - -240. Suppose r = 5*n + 9. Let g = -12 + n. What is the tens digit of g?
1
Let i = -18 - -30. Let z be (-1719)/(-21) - 11 - 12/14. What is the units digit of (z/3)/(i/18)?
5
What is the hundreds digit of (-4644)/(-3) - (-6 + 16)?
5
Suppose -7*j = -3*j + 84. Let f be 208/(-56) + 6/j. What is the units digit of 544/56 - f/14?
0
Let l = -52 + 304. Suppose 4*w + l = 7*w. What is the tens digit of w?
8
Let r = -17 + 17. Suppose r = 9*w - 5*w - 16. Suppose -42 = -w*k - 2*a, -7 = -2*a + 3. What is the units digit of k?
8
Suppose 346*k = 348*k - 806. What is the units digit of k?
3
Let c(a) = 9*a**2 + 6*a - 2. Let j be c(-5). Let n = 392 - j. What is the units digit of n?
9
Let x(z) = z**2 - 2*z - 6. Let b(d) = -d**2 - d - 1. Let a(l) = 4*b(l) - x(l). Let p be a(-2). Let c = 25 + p. What is the units digit of c?
1
Suppose 0 = -2*h + 3*h. Let m(c) = -c. Let v(f) = 10*f + 24. Let z(u) = 8*m(u) + v(u). What is the tens digit of z(h)?
2
Let u(t) be the second derivative of t**5/20 - t**4/12 - 5*t**3/6 - 13*t**2/2 - 25*t. What is the hundreds digit of u(6)?
1
What is the hundreds digit of -5 + (0 - 3/(-3)) + 689?
6
Let u = 24 - -1293. What is the tens digit of u?
1
Let s(h) = 35*h - 1. Let w(z) = z**2 + 12*z + 1. Let m be w(-12). What is the units digit of s(m)?
4
Let v(t) = -t**3 + 6*t**2 + 2. Let d be v(6). Let u be 0/(8/d) + 7. Suppose -4*b = 2*c - 3*b - u, -5*c - 4*b = -19. What is the units digit of c?
3
Let d(l) = 2*l**3 + 9*l**2 - 6*l + 7. Let c be d(-7). What is the tens digit of 6/(-4)*c/14?
2
Suppose 43*z - 41*z = u + 207, 4*u = 20. What is the hundreds digit of z?
1
Let i(r) = 13*r - 44. Suppose -68 + 29 = -3*q. What is the tens digit of i(q)?
2
Let p be (-2)/(1 - -1)*-5. Suppose -7 = p*d - 17. Suppose d*s = -2 + 18. What is the units digit of s?
8
What is the units digit of (1/6*1354)/((-8)/(-24))?
7
What is the tens digit of (-2)/14 - (6 + 19620/(-42))?
6
Let k(c) = -c**3 + 11*c**2 + 3*c + 24. Let x be k(11). What is the units digit of 2 - x*(-16)/12?
8
Suppose -203*r + 201*r + 60 = 0. What is the tens digit of r?
3
Let v be 1*(1 - -1) - (-7 + 5). Suppose 0 = -d + 2*n + 281, -d - 2*n = v*d - 1453. What is the tens digit of d?
8
What is the units digit of 213/(-2)*(-276)/207?
2
Suppose 2*l + 62 = 22. What is the tens digit of 16/20 + (-1184)/l?
6
Suppose -4*m = -0*m + 8, 791 = 5*d - 3*m. Suppose -d = -4*y + 279. What is the units digit of y?
9
Let a be (-42)/(-7) - 4 - (2 + 1). What is the units digit of -3 + 7*a*120/(-14)?
7
Let b(t) = -t**2 + 22*t**3 - 4 - 37*t + 75*t - 37*t. What is the hundreds digit of b(2)?
1
Suppose -803 = 2*u + 2*a - 3603, 4*u = -3*a + 5604. What is the tens digit of u?
0
Suppose -6*y + 7 = -4*x - y, -11 = -x - 3*y. Suppose 36 = -4*a - k - 42, -x*a = -4*k + 48. What is the units digit of (a - 1)*(-2)/3?
4
Let h(d) be the first derivative of -7*d**3/3 + d**2/2 + 16*d + 5. Let w(q) = -15*q**2 + q + 33. Let l(i) = -13*h(i) + 6*w(i). What is the units digit of l(9)?
8
Let d = 6 + -10. Let r(u) = u**3 + 4*u**2 - 5*u - 10. Let v be r(d). What is the units digit of 7/35 - (-238)/v?
4
Let b be (-3)/2*(-56)/21. Suppose -b*x = -2*x - 10. Suppose 5*q - 4*c = 285, -c = x*q - 3*c - 275. What is the tens digit of q?
5
Suppose -1006 = -4*w + 538. What is the tens digit of w?
8
Let w(h) be the first derivative of -h**3/3 - h**2/2 - 12*h + 5. Let z be w(0). What is the units digit of (-32)/z*(-42)/(-4)?
8
Let b(z) = z**2. Let d be b(2). What i